{"id":1849,"date":"2022-12-07T22:34:21","date_gmt":"2022-12-07T21:34:21","guid":{"rendered":"https:\/\/www.naturellementsportif.com\/?post_type=product&#038;p=1849"},"modified":"2023-06-07T11:20:01","modified_gmt":"2023-06-07T09:20:01","slug":"jersey-velo-made-in-europe","status":"publish","type":"product","link":"https:\/\/www.naturellementsportif.com\/index.php\/produit\/jersey-velo-made-in-europe\/","title":{"rendered":"JERSEY CHRISTIAN FRANCE"},"content":{"rendered":"","protected":false},"excerpt":{"rendered":"<h1 style=\"text-align: center;\">PR\u00c9COMMANDE UNIQUEMENT<\/h1>\n<p>Notre maillot de v\u00e9lo Naturellement Sportif est fit avec des poches dans le dos. Convient pour les sorties \u00e0 v\u00e9lo sous le soleil. Sa mati\u00e8re est respirante et s\u00e8che rapidement.<\/p>\n<p><img decoding=\"async\" class=\"wp-image-1862 alignleft\" style=\"font-family: -apple-system, BlinkMacSystemFont, 'Segoe UI', Roboto, Oxygen-Sans, Ubuntu, Cantarell, 'Helvetica Neue', sans-serif; font-weight: inherit;\" src=\"https:\/\/www.naturellementsportif.com\/wp-content\/uploads\/2022\/12\/soft-jersey-300x300.jpg\" alt=\"\" width=\"207\" height=\"207\" srcset=\"https:\/\/i0.wp.com\/www.naturellementsportif.com\/wp-content\/uploads\/2022\/12\/soft-jersey.jpg?resize=300%2C300&amp;ssl=1 300w, https:\/\/i0.wp.com\/www.naturellementsportif.com\/wp-content\/uploads\/2022\/12\/soft-jersey.jpg?resize=150%2C150&amp;ssl=1 150w, https:\/\/i0.wp.com\/www.naturellementsportif.com\/wp-content\/uploads\/2022\/12\/soft-jersey.jpg?resize=100%2C100&amp;ssl=1 100w, https:\/\/i0.wp.com\/www.naturellementsportif.com\/wp-content\/uploads\/2022\/12\/soft-jersey.jpg?w=500&amp;ssl=1 500w\" sizes=\"(max-width: 207px) 100vw, 207px\" \/><\/p>\n<p>&nbsp;<\/p>\n<p>Composition : 91% PES Micro, 9% \u00c9lasthanne<br \/>\nPoids : 145 g\/m2<br \/>\nIssu d&rsquo;une nouvelle ligne de tricots techniques d&rsquo;un fabricant italien. De nouvelles fibres techniques, qui conf\u00e8rent aux mailles douceur, \u00e9lasticit\u00e9, respirabilit\u00e9 et s\u00e8chent rapidement. La maille agit comme une seconde peau et suit les mouvements du corps. Vous vous sentez libre et satisfait.<\/p>\n","protected":false},"featured_media":1856,"comment_status":"closed","ping_status":"closed","template":"","meta":{"site-sidebar-layout":"default","site-content-layout":"default","ast-site-content-layout":"","site-content-style":"default","site-sidebar-style":"default","ast-global-header-display":"","ast-banner-title-visibility":"","ast-main-header-display":"","ast-hfb-above-header-display":"","ast-hfb-below-header-display":"","ast-hfb-mobile-header-display":"","site-post-title":"","ast-breadcrumbs-content":"","ast-featured-img":"","footer-sml-layout":"","theme-transparent-header-meta":"default","adv-header-id-meta":"","stick-header-meta":"","header-above-stick-meta":"","header-main-stick-meta":"","header-below-stick-meta":"","astra-migrate-meta-layouts":"default","ast-page-background-enabled":"default","ast-page-background-meta":{"desktop":{"background-color":"","background-image":"","background-repeat":"repeat","background-position":"center center","background-size":"auto","background-attachment":"scroll","background-type":"","background-media":"","overlay-type":"","overlay-color":"","overlay-gradient":""},"tablet":{"background-color":"","background-image":"","background-repeat":"repeat","background-position":"center center","background-size":"auto","background-attachment":"scroll","background-type":"","background-media":"","overlay-type":"","overlay-color":"","overlay-gradient":""},"mobile":{"background-color":"","background-image":"","background-repeat":"repeat","background-position":"center center","background-size":"auto","background-attachment":"scroll","background-type":"","background-media":"","overlay-type":"","overlay-color":"","overlay-gradient":""}},"ast-content-background-meta":{"desktop":{"background-color":"var(--ast-global-color-5)","background-image":"","background-repeat":"repeat","background-position":"center center","background-size":"auto","background-attachment":"scroll","background-type":"","background-media":"","overlay-type":"","overlay-color":"","overlay-gradient":""},"tablet":{"background-color":"var(--ast-global-color-5)","background-image":"","background-repeat":"repeat","background-position":"center center","background-size":"auto","background-attachment":"scroll","background-type":"","background-media":"","overlay-type":"","overlay-color":"","overlay-gradient":""},"mobile":{"background-color":"var(--ast-global-color-5)","background-image":"","background-repeat":"repeat","background-position":"center center","background-size":"auto","background-attachment":"scroll","background-type":"","background-media":"","overlay-type":"","overlay-color":"","overlay-gradient":""}}},"product_brand":[],"product_cat":[19],"product_tag":[],"class_list":{"0":"post-1849","1":"product","2":"type-product","3":"status-publish","4":"has-post-thumbnail","6":"product_cat-homme","7":"desktop-align-left","8":"tablet-align-left","9":"mobile-align-left","11":"first","12":"onbackorder","13":"shipping-taxable","14":"purchasable","15":"product-type-variable"},"yoast_head":"<!-- This site is optimized with the Yoast SEO plugin v27.3 - https:\/\/yoast.com\/product\/yoast-seo-wordpress\/ -->\n<title>JERSEY CHRISTIAN FRANCE MADE IN EUROPE<\/title>\n<meta name=\"description\" content=\"Respirant et confortable, il est l&#039;ami id\u00e9al pour vos sorties. Fabriqu\u00e9 \u00e0 Prague.\" \/>\n<meta name=\"robots\" content=\"index, follow, max-snippet:-1, max-image-preview:large, max-video-preview:-1\" \/>\n<link rel=\"canonical\" href=\"https:\/\/www.naturellementsportif.com\/index.php\/produit\/jersey-velo-made-in-europe\/\" \/>\n<meta property=\"og:locale\" content=\"fr_FR\" \/>\n<meta property=\"og:type\" content=\"article\" \/>\n<meta property=\"og:title\" content=\"JERSEY CHRISTIAN FRANCE MADE IN EUROPE\" \/>\n<meta property=\"og:description\" content=\"Respirant et confortable, il est l&#039;ami id\u00e9al pour vos sorties. Fabriqu\u00e9 \u00e0 Prague.\" \/>\n<meta property=\"og:url\" content=\"https:\/\/www.naturellementsportif.com\/index.php\/produit\/jersey-velo-made-in-europe\/\" \/>\n<meta property=\"article:modified_time\" content=\"2023-06-07T09:20:01+00:00\" \/>\n<meta property=\"og:image\" content=\"https:\/\/i0.wp.com\/www.naturellementsportif.com\/wp-content\/uploads\/2022\/12\/jersey-velo-france.png?fit=1200%2C877&ssl=1\" \/>\n\t<meta property=\"og:image:width\" content=\"1200\" \/>\n\t<meta property=\"og:image:height\" content=\"877\" \/>\n\t<meta property=\"og:image:type\" content=\"image\/png\" \/>\n<meta name=\"twitter:card\" content=\"summary_large_image\" \/>\n<script type=\"application\/ld+json\" class=\"yoast-schema-graph\">{\"@context\":\"https:\\\/\\\/schema.org\",\"@graph\":[{\"@type\":\"WebPage\",\"@id\":\"https:\\\/\\\/www.naturellementsportif.com\\\/index.php\\\/produit\\\/jersey-velo-made-in-europe\\\/\",\"url\":\"https:\\\/\\\/www.naturellementsportif.com\\\/index.php\\\/produit\\\/jersey-velo-made-in-europe\\\/\",\"name\":\"JERSEY CHRISTIAN FRANCE MADE IN EUROPE\",\"isPartOf\":{\"@id\":\"https:\\\/\\\/www.naturellementsportif.com\\\/#website\"},\"primaryImageOfPage\":{\"@id\":\"https:\\\/\\\/www.naturellementsportif.com\\\/index.php\\\/produit\\\/jersey-velo-made-in-europe\\\/#primaryimage\"},\"image\":{\"@id\":\"https:\\\/\\\/www.naturellementsportif.com\\\/index.php\\\/produit\\\/jersey-velo-made-in-europe\\\/#primaryimage\"},\"thumbnailUrl\":\"https:\\\/\\\/i0.wp.com\\\/www.naturellementsportif.com\\\/wp-content\\\/uploads\\\/2022\\\/12\\\/jersey-velo-france.png?fit=1200%2C877&ssl=1\",\"datePublished\":\"2022-12-07T21:34:21+00:00\",\"dateModified\":\"2023-06-07T09:20:01+00:00\",\"description\":\"Respirant et confortable, il est l'ami id\u00e9al pour vos sorties. Fabriqu\u00e9 \u00e0 Prague.\",\"breadcrumb\":{\"@id\":\"https:\\\/\\\/www.naturellementsportif.com\\\/index.php\\\/produit\\\/jersey-velo-made-in-europe\\\/#breadcrumb\"},\"inLanguage\":\"fr-FR\",\"potentialAction\":[{\"@type\":\"ReadAction\",\"target\":[\"https:\\\/\\\/www.naturellementsportif.com\\\/index.php\\\/produit\\\/jersey-velo-made-in-europe\\\/\"]}]},{\"@type\":\"ImageObject\",\"inLanguage\":\"fr-FR\",\"@id\":\"https:\\\/\\\/www.naturellementsportif.com\\\/index.php\\\/produit\\\/jersey-velo-made-in-europe\\\/#primaryimage\",\"url\":\"https:\\\/\\\/i0.wp.com\\\/www.naturellementsportif.com\\\/wp-content\\\/uploads\\\/2022\\\/12\\\/jersey-velo-france.png?fit=1200%2C877&ssl=1\",\"contentUrl\":\"https:\\\/\\\/i0.wp.com\\\/www.naturellementsportif.com\\\/wp-content\\\/uploads\\\/2022\\\/12\\\/jersey-velo-france.png?fit=1200%2C877&ssl=1\",\"width\":1200,\"height\":877,\"caption\":\"Maillot de v\u00e9lo made in Europe\"},{\"@type\":\"BreadcrumbList\",\"@id\":\"https:\\\/\\\/www.naturellementsportif.com\\\/index.php\\\/produit\\\/jersey-velo-made-in-europe\\\/#breadcrumb\",\"itemListElement\":[{\"@type\":\"ListItem\",\"position\":1,\"name\":\"Home\",\"item\":\"https:\\\/\\\/www.naturellementsportif.com\\\/\"},{\"@type\":\"ListItem\",\"position\":2,\"name\":\"Boutique\",\"item\":\"https:\\\/\\\/www.naturellementsportif.com\\\/index.php\\\/boutique\\\/\"},{\"@type\":\"ListItem\",\"position\":3,\"name\":\"JERSEY CHRISTIAN FRANCE\"}]},{\"@type\":\"WebSite\",\"@id\":\"https:\\\/\\\/www.naturellementsportif.com\\\/#website\",\"url\":\"https:\\\/\\\/www.naturellementsportif.com\\\/\",\"name\":\"Naturellement Sportif\",\"description\":\"\",\"publisher\":{\"@id\":\"https:\\\/\\\/www.naturellementsportif.com\\\/#organization\"},\"potentialAction\":[{\"@type\":\"SearchAction\",\"target\":{\"@type\":\"EntryPoint\",\"urlTemplate\":\"https:\\\/\\\/www.naturellementsportif.com\\\/?s={search_term_string}\"},\"query-input\":{\"@type\":\"PropertyValueSpecification\",\"valueRequired\":true,\"valueName\":\"search_term_string\"}}],\"inLanguage\":\"fr-FR\"},{\"@type\":\"Organization\",\"@id\":\"https:\\\/\\\/www.naturellementsportif.com\\\/#organization\",\"name\":\"Naturellement Sportif\",\"url\":\"https:\\\/\\\/www.naturellementsportif.com\\\/\",\"logo\":{\"@type\":\"ImageObject\",\"inLanguage\":\"fr-FR\",\"@id\":\"https:\\\/\\\/www.naturellementsportif.com\\\/#\\\/schema\\\/logo\\\/image\\\/\",\"url\":\"https:\\\/\\\/www.naturellementsportif.com\\\/wp-content\\\/uploads\\\/2020\\\/06\\\/NATURELLEMENT-SPORTIF-FINAL-03.jpg\",\"contentUrl\":\"https:\\\/\\\/www.naturellementsportif.com\\\/wp-content\\\/uploads\\\/2020\\\/06\\\/NATURELLEMENT-SPORTIF-FINAL-03.jpg\",\"width\":2363,\"height\":1182,\"caption\":\"Naturellement Sportif\"},\"image\":{\"@id\":\"https:\\\/\\\/www.naturellementsportif.com\\\/#\\\/schema\\\/logo\\\/image\\\/\"}}]}<\/script>\n<!-- \/ Yoast SEO plugin. -->","yoast_head_json":{"title":"JERSEY CHRISTIAN FRANCE MADE IN EUROPE","description":"Respirant et confortable, il est l'ami id\u00e9al pour vos sorties. Fabriqu\u00e9 \u00e0 Prague.","robots":{"index":"index","follow":"follow","max-snippet":"max-snippet:-1","max-image-preview":"max-image-preview:large","max-video-preview":"max-video-preview:-1"},"canonical":"https:\/\/www.naturellementsportif.com\/index.php\/produit\/jersey-velo-made-in-europe\/","og_locale":"fr_FR","og_type":"article","og_title":"JERSEY CHRISTIAN FRANCE MADE IN EUROPE","og_description":"Respirant et confortable, il est l'ami id\u00e9al pour vos sorties. Fabriqu\u00e9 \u00e0 Prague.","og_url":"https:\/\/www.naturellementsportif.com\/index.php\/produit\/jersey-velo-made-in-europe\/","article_modified_time":"2023-06-07T09:20:01+00:00","og_image":[{"width":1200,"height":877,"url":"https:\/\/i0.wp.com\/www.naturellementsportif.com\/wp-content\/uploads\/2022\/12\/jersey-velo-france.png?fit=1200%2C877&ssl=1","type":"image\/png"}],"twitter_card":"summary_large_image","schema":{"@context":"https:\/\/schema.org","@graph":[{"@type":"WebPage","@id":"https:\/\/www.naturellementsportif.com\/index.php\/produit\/jersey-velo-made-in-europe\/","url":"https:\/\/www.naturellementsportif.com\/index.php\/produit\/jersey-velo-made-in-europe\/","name":"JERSEY CHRISTIAN FRANCE MADE IN EUROPE","isPartOf":{"@id":"https:\/\/www.naturellementsportif.com\/#website"},"primaryImageOfPage":{"@id":"https:\/\/www.naturellementsportif.com\/index.php\/produit\/jersey-velo-made-in-europe\/#primaryimage"},"image":{"@id":"https:\/\/www.naturellementsportif.com\/index.php\/produit\/jersey-velo-made-in-europe\/#primaryimage"},"thumbnailUrl":"https:\/\/i0.wp.com\/www.naturellementsportif.com\/wp-content\/uploads\/2022\/12\/jersey-velo-france.png?fit=1200%2C877&ssl=1","datePublished":"2022-12-07T21:34:21+00:00","dateModified":"2023-06-07T09:20:01+00:00","description":"Respirant et confortable, il est l'ami id\u00e9al pour vos sorties. Fabriqu\u00e9 \u00e0 Prague.","breadcrumb":{"@id":"https:\/\/www.naturellementsportif.com\/index.php\/produit\/jersey-velo-made-in-europe\/#breadcrumb"},"inLanguage":"fr-FR","potentialAction":[{"@type":"ReadAction","target":["https:\/\/www.naturellementsportif.com\/index.php\/produit\/jersey-velo-made-in-europe\/"]}]},{"@type":"ImageObject","inLanguage":"fr-FR","@id":"https:\/\/www.naturellementsportif.com\/index.php\/produit\/jersey-velo-made-in-europe\/#primaryimage","url":"https:\/\/i0.wp.com\/www.naturellementsportif.com\/wp-content\/uploads\/2022\/12\/jersey-velo-france.png?fit=1200%2C877&ssl=1","contentUrl":"https:\/\/i0.wp.com\/www.naturellementsportif.com\/wp-content\/uploads\/2022\/12\/jersey-velo-france.png?fit=1200%2C877&ssl=1","width":1200,"height":877,"caption":"Maillot de v\u00e9lo made in Europe"},{"@type":"BreadcrumbList","@id":"https:\/\/www.naturellementsportif.com\/index.php\/produit\/jersey-velo-made-in-europe\/#breadcrumb","itemListElement":[{"@type":"ListItem","position":1,"name":"Home","item":"https:\/\/www.naturellementsportif.com\/"},{"@type":"ListItem","position":2,"name":"Boutique","item":"https:\/\/www.naturellementsportif.com\/index.php\/boutique\/"},{"@type":"ListItem","position":3,"name":"JERSEY CHRISTIAN FRANCE"}]},{"@type":"WebSite","@id":"https:\/\/www.naturellementsportif.com\/#website","url":"https:\/\/www.naturellementsportif.com\/","name":"Naturellement Sportif","description":"","publisher":{"@id":"https:\/\/www.naturellementsportif.com\/#organization"},"potentialAction":[{"@type":"SearchAction","target":{"@type":"EntryPoint","urlTemplate":"https:\/\/www.naturellementsportif.com\/?s={search_term_string}"},"query-input":{"@type":"PropertyValueSpecification","valueRequired":true,"valueName":"search_term_string"}}],"inLanguage":"fr-FR"},{"@type":"Organization","@id":"https:\/\/www.naturellementsportif.com\/#organization","name":"Naturellement Sportif","url":"https:\/\/www.naturellementsportif.com\/","logo":{"@type":"ImageObject","inLanguage":"fr-FR","@id":"https:\/\/www.naturellementsportif.com\/#\/schema\/logo\/image\/","url":"https:\/\/www.naturellementsportif.com\/wp-content\/uploads\/2020\/06\/NATURELLEMENT-SPORTIF-FINAL-03.jpg","contentUrl":"https:\/\/www.naturellementsportif.com\/wp-content\/uploads\/2020\/06\/NATURELLEMENT-SPORTIF-FINAL-03.jpg","width":2363,"height":1182,"caption":"Naturellement Sportif"},"image":{"@id":"https:\/\/www.naturellementsportif.com\/#\/schema\/logo\/image\/"}}]}},"jetpack-related-posts":[{"id":1865,"url":"https:\/\/www.naturellementsportif.com\/index.php\/produit\/jersey-christian-kaki\/","url_meta":{"origin":1849,"position":0},"title":"JERSEY CHRISTIAN KAKI","author":"admin6231","date":"7 d\u00e9cembre 2022","format":false,"excerpt":"PR\u00c9COMMANDE UNIQUEMENT Notre maillot de v\u00e9lo Naturellement Sportif est fit avec des poches dans le dos. Convient pour les sorties \u00e0 v\u00e9lo sous le soleil. Sa mati\u00e8re est respirante et s\u00e8che rapidement. \u00a0 Composition : 91% PES Micro, 9% \u00c9lasthanne Poids : 145 g\/m2 Issu d'une nouvelle ligne de tricots\u2026","rel":"","context":"Article similaire","block_context":{"text":"Article similaire","link":""},"img":{"alt_text":"","src":"https:\/\/i0.wp.com\/www.naturellementsportif.com\/wp-content\/uploads\/2022\/12\/jersey-velo-KAKI.png?fit=1200%2C877&ssl=1&resize=350%2C200","width":350,"height":200,"srcset":"https:\/\/i0.wp.com\/www.naturellementsportif.com\/wp-content\/uploads\/2022\/12\/jersey-velo-KAKI.png?fit=1200%2C877&ssl=1&resize=350%2C200 1x, https:\/\/i0.wp.com\/www.naturellementsportif.com\/wp-content\/uploads\/2022\/12\/jersey-velo-KAKI.png?fit=1200%2C877&ssl=1&resize=525%2C300 1.5x, https:\/\/i0.wp.com\/www.naturellementsportif.com\/wp-content\/uploads\/2022\/12\/jersey-velo-KAKI.png?fit=1200%2C877&ssl=1&resize=700%2C400 2x, https:\/\/i0.wp.com\/www.naturellementsportif.com\/wp-content\/uploads\/2022\/12\/jersey-velo-KAKI.png?fit=1200%2C877&ssl=1&resize=1050%2C600 3x"},"classes":[]},{"id":1960,"url":"https:\/\/www.naturellementsportif.com\/index.php\/produit\/veste-velo-softshell-soft\/","url_meta":{"origin":1849,"position":1},"title":"VESTE SOFTSHELL TANGUY SOFT","author":"admin6231","date":"17 janvier 2023","format":false,"excerpt":"PR\u00c9COMMANDE UNIQUEMENT Notre Soft Shell de v\u00e9lo soft Naturellement Sportif est fit avec des poches dans le dos. Convient pour les sorties \u00e0 v\u00e9lo au printemps et en automne. Sa mati\u00e8re est respirante et s\u00e8che rapidement. Elle est compos\u00e9e de 3 tissus diff\u00e9rents. \u00a0 \u00a0 Composition : 80% PES, 20%\u2026","rel":"","context":"Article similaire","block_context":{"text":"Article similaire","link":""},"img":{"alt_text":"","src":"https:\/\/i0.wp.com\/www.naturellementsportif.com\/wp-content\/uploads\/2023\/01\/Coupe-vent-velo.png?fit=1200%2C877&ssl=1&resize=350%2C200","width":350,"height":200,"srcset":"https:\/\/i0.wp.com\/www.naturellementsportif.com\/wp-content\/uploads\/2023\/01\/Coupe-vent-velo.png?fit=1200%2C877&ssl=1&resize=350%2C200 1x, https:\/\/i0.wp.com\/www.naturellementsportif.com\/wp-content\/uploads\/2023\/01\/Coupe-vent-velo.png?fit=1200%2C877&ssl=1&resize=525%2C300 1.5x, https:\/\/i0.wp.com\/www.naturellementsportif.com\/wp-content\/uploads\/2023\/01\/Coupe-vent-velo.png?fit=1200%2C877&ssl=1&resize=700%2C400 2x, https:\/\/i0.wp.com\/www.naturellementsportif.com\/wp-content\/uploads\/2023\/01\/Coupe-vent-velo.png?fit=1200%2C877&ssl=1&resize=1050%2C600 3x"},"classes":[]},{"id":1944,"url":"https:\/\/www.naturellementsportif.com\/index.php\/produit\/veste-velo-softshell-kaki\/","url_meta":{"origin":1849,"position":2},"title":"VESTE VELO SOFTSHELL FABIEN  KAKI","author":"admin6231","date":"17 janvier 2023","format":false,"excerpt":"PR\u00c9COMMANDE UNIQUEMENT Notre Soft Shell de v\u00e9lo Hiver Naturellement Sportif est fit avec des poches dans le dos. Convient pour les sorties \u00e0 v\u00e9lo l'hiver. Sa mati\u00e8re est respirante et s\u00e8che rapidement. Elle est compos\u00e9e de 3 tissus diff\u00e9rents. \u00a0 \u00a0 Composition : 85% PES, 15% LYCRA\u00a0\u00ae Grammage : 250\u2026","rel":"","context":"Article similaire","block_context":{"text":"Article similaire","link":""},"img":{"alt_text":"","src":"https:\/\/i0.wp.com\/www.naturellementsportif.com\/wp-content\/uploads\/2023\/01\/Coupe-vent-velo-thermo.png?fit=1200%2C877&ssl=1&resize=350%2C200","width":350,"height":200,"srcset":"https:\/\/i0.wp.com\/www.naturellementsportif.com\/wp-content\/uploads\/2023\/01\/Coupe-vent-velo-thermo.png?fit=1200%2C877&ssl=1&resize=350%2C200 1x, https:\/\/i0.wp.com\/www.naturellementsportif.com\/wp-content\/uploads\/2023\/01\/Coupe-vent-velo-thermo.png?fit=1200%2C877&ssl=1&resize=525%2C300 1.5x, https:\/\/i0.wp.com\/www.naturellementsportif.com\/wp-content\/uploads\/2023\/01\/Coupe-vent-velo-thermo.png?fit=1200%2C877&ssl=1&resize=700%2C400 2x, https:\/\/i0.wp.com\/www.naturellementsportif.com\/wp-content\/uploads\/2023\/01\/Coupe-vent-velo-thermo.png?fit=1200%2C877&ssl=1&resize=1050%2C600 3x"},"classes":[]},{"id":1691,"url":"https:\/\/www.naturellementsportif.com\/index.php\/produit\/debardeur-homme-cedric\/","url_meta":{"origin":1849,"position":3},"title":"DEBARDEUR HOMME CEDRIC","author":"admin6231","date":"13 novembre 2021","format":false,"excerpt":"D\u00e9bardeur en Polyester, avec une maille tr\u00e8s fine avec d'excellentes propri\u00e9t\u00e9s fonctionnelles. Dos en tricot l\u00e9ger en microfibre qui assure un drainage efficace de la transpiration dans la couche sup\u00e9rieure,\u00a0 \u00e9vaporation rapide de l'humidit\u00e9. M\u00eame avec une charge plus lourde, le drainage de la sueur est assur\u00e9. Id\u00e9al pour la\u2026","rel":"","context":"Article similaire","block_context":{"text":"Article similaire","link":""},"img":{"alt_text":"","src":"https:\/\/i0.wp.com\/www.naturellementsportif.com\/wp-content\/uploads\/2021\/11\/DE%CC%81BARDEUR-HOMME-MADE-IN-EUROPE.png?fit=1200%2C877&ssl=1&resize=350%2C200","width":350,"height":200,"srcset":"https:\/\/i0.wp.com\/www.naturellementsportif.com\/wp-content\/uploads\/2021\/11\/DE%CC%81BARDEUR-HOMME-MADE-IN-EUROPE.png?fit=1200%2C877&ssl=1&resize=350%2C200 1x, https:\/\/i0.wp.com\/www.naturellementsportif.com\/wp-content\/uploads\/2021\/11\/DE%CC%81BARDEUR-HOMME-MADE-IN-EUROPE.png?fit=1200%2C877&ssl=1&resize=525%2C300 1.5x, https:\/\/i0.wp.com\/www.naturellementsportif.com\/wp-content\/uploads\/2021\/11\/DE%CC%81BARDEUR-HOMME-MADE-IN-EUROPE.png?fit=1200%2C877&ssl=1&resize=700%2C400 2x, https:\/\/i0.wp.com\/www.naturellementsportif.com\/wp-content\/uploads\/2021\/11\/DE%CC%81BARDEUR-HOMME-MADE-IN-EUROPE.png?fit=1200%2C877&ssl=1&resize=1050%2C600 3x"},"classes":[]},{"id":1801,"url":"https:\/\/www.naturellementsportif.com\/index.php\/produit\/debardeur-femme\/","url_meta":{"origin":1849,"position":4},"title":"DEBARDEUR FEMME MUG","author":"admin6231","date":"16 janvier 2022","format":false,"excerpt":"D\u00e9bardeur en Polyester, avec une maille tr\u00e8s fine avec d'excellentes propri\u00e9t\u00e9s fonctionnelles. Dos en tricot l\u00e9ger en microfibre qui assure un drainage efficace de la transpiration dans la couche sup\u00e9rieure,\u00a0 \u00e9vaporation rapide de l'humidit\u00e9. M\u00eame avec une charge plus lourde, le drainage de la sueur est assur\u00e9. Id\u00e9al pour la\u2026","rel":"","context":"Article similaire","block_context":{"text":"Article similaire","link":""},"img":{"alt_text":"","src":"https:\/\/i0.wp.com\/www.naturellementsportif.com\/wp-content\/uploads\/2022\/01\/de%CC%81bardeur-de-sport-femme-1.png?fit=1200%2C877&ssl=1&resize=350%2C200","width":350,"height":200,"srcset":"https:\/\/i0.wp.com\/www.naturellementsportif.com\/wp-content\/uploads\/2022\/01\/de%CC%81bardeur-de-sport-femme-1.png?fit=1200%2C877&ssl=1&resize=350%2C200 1x, https:\/\/i0.wp.com\/www.naturellementsportif.com\/wp-content\/uploads\/2022\/01\/de%CC%81bardeur-de-sport-femme-1.png?fit=1200%2C877&ssl=1&resize=525%2C300 1.5x, https:\/\/i0.wp.com\/www.naturellementsportif.com\/wp-content\/uploads\/2022\/01\/de%CC%81bardeur-de-sport-femme-1.png?fit=1200%2C877&ssl=1&resize=700%2C400 2x, https:\/\/i0.wp.com\/www.naturellementsportif.com\/wp-content\/uploads\/2022\/01\/de%CC%81bardeur-de-sport-femme-1.png?fit=1200%2C877&ssl=1&resize=1050%2C600 3x"},"classes":[]},{"id":757,"url":"https:\/\/www.naturellementsportif.com\/index.php\/produit\/t-shirt-homme-ns-claw\/","url_meta":{"origin":1849,"position":5},"title":"T-SHIRT HOMME ROMAIN CLAW","author":"admin6231","date":"26 f\u00e9vrier 2021","format":false,"excerpt":"T-SHIRT en Polyester, avec une maille tr\u00e8s fine avec d'excellentes propri\u00e9t\u00e9s fonctionnelles. Dos en tricot l\u00e9ger en microfibre qui assure un drainage efficace de la transpiration dans la couche sup\u00e9rieure,\u00a0 \u00e9vaporation rapide de l'humidit\u00e9. M\u00eame avec une charge plus lourde, le drainage de la sueur est assur\u00e9. Id\u00e9al pour la\u2026","rel":"","context":"Article similaire","block_context":{"text":"Article similaire","link":""},"img":{"alt_text":"T-SHIRT HOMME ROMAIN CLAW","src":"https:\/\/i0.wp.com\/www.naturellementsportif.com\/wp-content\/uploads\/2021\/09\/H-ImageProdNS3.png?fit=1200%2C877&ssl=1&resize=350%2C200","width":350,"height":200,"srcset":"https:\/\/i0.wp.com\/www.naturellementsportif.com\/wp-content\/uploads\/2021\/09\/H-ImageProdNS3.png?fit=1200%2C877&ssl=1&resize=350%2C200 1x, https:\/\/i0.wp.com\/www.naturellementsportif.com\/wp-content\/uploads\/2021\/09\/H-ImageProdNS3.png?fit=1200%2C877&ssl=1&resize=525%2C300 1.5x, https:\/\/i0.wp.com\/www.naturellementsportif.com\/wp-content\/uploads\/2021\/09\/H-ImageProdNS3.png?fit=1200%2C877&ssl=1&resize=700%2C400 2x, https:\/\/i0.wp.com\/www.naturellementsportif.com\/wp-content\/uploads\/2021\/09\/H-ImageProdNS3.png?fit=1200%2C877&ssl=1&resize=1050%2C600 3x"},"classes":[]}],"jetpack_sharing_enabled":true,"_links":{"self":[{"href":"https:\/\/www.naturellementsportif.com\/index.php\/wp-json\/wp\/v2\/product\/1849","targetHints":{"allow":["GET"]}}],"collection":[{"href":"https:\/\/www.naturellementsportif.com\/index.php\/wp-json\/wp\/v2\/product"}],"about":[{"href":"https:\/\/www.naturellementsportif.com\/index.php\/wp-json\/wp\/v2\/types\/product"}],"replies":[{"embeddable":true,"href":"https:\/\/www.naturellementsportif.com\/index.php\/wp-json\/wp\/v2\/comments?post=1849"}],"version-history":[{"count":5,"href":"https:\/\/www.naturellementsportif.com\/index.php\/wp-json\/wp\/v2\/product\/1849\/revisions"}],"predecessor-version":[{"id":1860,"href":"https:\/\/www.naturellementsportif.com\/index.php\/wp-json\/wp\/v2\/product\/1849\/revisions\/1860"}],"wp:featuredmedia":[{"embeddable":true,"href":"https:\/\/www.naturellementsportif.com\/index.php\/wp-json\/wp\/v2\/media\/1856"}],"wp:attachment":[{"href":"https:\/\/www.naturellementsportif.com\/index.php\/wp-json\/wp\/v2\/media?parent=1849"}],"wp:term":[{"taxonomy":"product_brand","embeddable":true,"href":"https:\/\/www.naturellementsportif.com\/index.php\/wp-json\/wp\/v2\/product_brand?post=1849"},{"taxonomy":"product_cat","embeddable":true,"href":"https:\/\/www.naturellementsportif.com\/index.php\/wp-json\/wp\/v2\/product_cat?post=1849"},{"taxonomy":"product_tag","embeddable":true,"href":"https:\/\/www.naturellementsportif.com\/index.php\/wp-json\/wp\/v2\/product_tag?post=1849"}],"curies":[{"name":"wp","href":"https:\/\/api.w.org\/{rel}","templated":true}]}}